{"id":23,"date":"2023-09-11T11:34:34","date_gmt":"2023-09-11T09:34:34","guid":{"rendered":"https:\/\/manonboudin.com\/?page_id=23"},"modified":"2025-03-18T22:58:35","modified_gmt":"2025-03-18T21:58:35","slug":"contact","status":"publish","type":"page","link":"https:\/\/manonboudin.com\/index.php\/contact\/","title":{"rendered":"Contact"},"content":{"rendered":"\n<p>J\u2019exerce au sein de mon cabinet, situ\u00e9 au sein d\u2019une maison pluriprofessionnelle de sant\u00e9 BEAUNE (21200).<br><br>Les prises de rendez-vous sont possibles via la plateforme Doctolib pour les consultations <strong>de 9h00 \u00e0 16h00<\/strong>.<\/p>\n\n\n\n<p><a href=\"https:\/\/www.doctolib.fr\/psychologue\/bligny-les-beaune\/manon-boudin\" target=\"_blank\" rel=\"noopener\" title=\"\">https:\/\/www.doctolib.fr\/psychologue\/bligny-les-beaune\/manon-boudin<\/a><br>En ce qui concerne la prise de rendez-vous en fin de journ\u00e9e (apr\u00e8s 16h00) celle-ci est possible uniquement par le biais d\u2019un contact t\u00e9l\u00e9phonique pr\u00e9alable. \u2028Vous pouvez me contacter au 07 56 93 00 53, et nous fixerons ensuite un horaire adapt\u00e9 \u00e0 vos besoins.<\/p>\n\n\n\n<ul class=\"wp-block-social-links is-layout-flex wp-block-social-links-is-layout-flex\"><\/ul>\n\n\n\n<ul class=\"wp-block-social-links has-icon-color has-icon-background-color is-layout-flex wp-block-social-links-is-layout-flex\"><li style=\"color:#ffffff;background-color:#3962e3;\" class=\"wp-social-link wp-social-link-mail  wp-block-social-link\"><a href=\"mailto:mb&#046;&#112;&#115;y&#099;&#104;olog&#105;&#101;cl&#105;&#110;&#105;que&#064;gm&#097;il&#046;c&#111;m\" class=\"wp-block-social-link-anchor\"><svg width=\"24\" height=\"24\" viewBox=\"0 0 24 24\" version=\"1.1\" xmlns=\"http:\/\/www.w3.org\/2000\/svg\" aria-hidden=\"true\" focusable=\"false\"><path d=\"M19,5H5c-1.1,0-2,.9-2,2v10c0,1.1.9,2,2,2h14c1.1,0,2-.9,2-2V7c0-1.1-.9-2-2-2zm.5,12c0,.3-.2.5-.5.5H5c-.3,0-.5-.2-.5-.5V9.8l7.5,5.6,7.5-5.6V17zm0-9.1L12,13.6,4.5,7.9V7c0-.3.2-.5.5-.5h14c.3,0,.5.2.5.5v.9z\"><\/path><\/svg><span class=\"wp-block-social-link-label screen-reader-text\">E-mail<\/span><\/a><\/li>\n\n<li style=\"color:#ffffff;background-color:#3962e3;\" class=\"wp-social-link wp-social-link-linkedin  wp-block-social-link\"><a href=\"https:\/\/www.linkedin.com\/in\/manon-boudin-188663168\" class=\"wp-block-social-link-anchor\"><svg width=\"24\" height=\"24\" viewBox=\"0 0 24 24\" version=\"1.1\" xmlns=\"http:\/\/www.w3.org\/2000\/svg\" aria-hidden=\"true\" focusable=\"false\"><path d=\"M19.7,3H4.3C3.582,3,3,3.582,3,4.3v15.4C3,20.418,3.582,21,4.3,21h15.4c0.718,0,1.3-0.582,1.3-1.3V4.3 C21,3.582,20.418,3,19.7,3z M8.339,18.338H5.667v-8.59h2.672V18.338z M7.004,8.574c-0.857,0-1.549-0.694-1.549-1.548 c0-0.855,0.691-1.548,1.549-1.548c0.854,0,1.547,0.694,1.547,1.548C8.551,7.881,7.858,8.574,7.004,8.574z M18.339,18.338h-2.669 v-4.177c0-0.996-0.017-2.278-1.387-2.278c-1.389,0-1.601,1.086-1.601,2.206v4.249h-2.667v-8.59h2.559v1.174h0.037 c0.356-0.675,1.227-1.387,2.526-1.387c2.703,0,3.203,1.779,3.203,4.092V18.338z\"><\/path><\/svg><span class=\"wp-block-social-link-label screen-reader-text\">LinkedIn<\/span><\/a><\/li><\/ul>\n","protected":false},"excerpt":{"rendered":"<p>J\u2019exerce au sein de mon cabinet, situ\u00e9 au sein d\u2019une maison pluriprofessionnelle de sant\u00e9 BEAUNE (21200). Les prises de rendez-vous sont possibles via la plateforme Doctolib pour les consultations de 9h00 \u00e0 16h00. https:\/\/www.doctolib.fr\/psychologue\/bligny-les-beaune\/manon-boudinEn ce qui concerne la prise de rendez-vous en fin de journ\u00e9e (apr\u00e8s 16h00) celle-ci est possible uniquement par le biais d\u2019un &hellip; <a href=\"https:\/\/manonboudin.com\/index.php\/contact\/\" class=\"more-link\">Continuer la lecture de <span class=\"screen-reader-text\">Contact<\/span> <span class=\"meta-nav\">&rarr;<\/span><\/a><\/p>\n","protected":false},"author":2,"featured_media":0,"parent":0,"menu_order":0,"comment_status":"closed","ping_status":"closed","template":"","meta":{"footnotes":""},"class_list":["post-23","page","type-page","status-publish","hentry"],"aioseo_notices":[],"_links":{"self":[{"href":"https:\/\/manonboudin.com\/index.php\/wp-json\/wp\/v2\/pages\/23","targetHints":{"allow":["GET"]}}],"collection":[{"href":"https:\/\/manonboudin.com\/index.php\/wp-json\/wp\/v2\/pages"}],"about":[{"href":"https:\/\/manonboudin.com\/index.php\/wp-json\/wp\/v2\/types\/page"}],"author":[{"embeddable":true,"href":"https:\/\/manonboudin.com\/index.php\/wp-json\/wp\/v2\/users\/2"}],"replies":[{"embeddable":true,"href":"https:\/\/manonboudin.com\/index.php\/wp-json\/wp\/v2\/comments?post=23"}],"version-history":[{"count":5,"href":"https:\/\/manonboudin.com\/index.php\/wp-json\/wp\/v2\/pages\/23\/revisions"}],"predecessor-version":[{"id":108,"href":"https:\/\/manonboudin.com\/index.php\/wp-json\/wp\/v2\/pages\/23\/revisions\/108"}],"wp:attachment":[{"href":"https:\/\/manonboudin.com\/index.php\/wp-json\/wp\/v2\/media?parent=23"}],"curies":[{"name":"wp","href":"https:\/\/api.w.org\/{rel}","templated":true}]}}