{"id":24,"date":"2023-09-11T11:34:34","date_gmt":"2023-09-11T09:34:34","guid":{"rendered":"https:\/\/manonboudin.com\/?page_id=24"},"modified":"2025-03-18T22:48:32","modified_gmt":"2025-03-18T21:48:32","slug":"service","status":"publish","type":"page","link":"https:\/\/manonboudin.com\/index.php\/service\/","title":{"rendered":"Service"},"content":{"rendered":"\n<p class=\"has-text-align-left\">En tant que psychologue clinicienne et psychoth\u00e9rapeute, j\u2019ai l\u2019opportunit\u00e9 d\u2019aider les enfants, les adolescents et les adultes \u00e0 surmonter leurs difficult\u00e9s \u00e9motionnelles et \u00e0 trouver un \u00e9quilibre dans leur vie. Gr\u00e2ce \u00e0 ma formation en orientation analytique et syst\u00e9mique, je suis en mesure de proposer diff\u00e9rents types de th\u00e9rapies pour r\u00e9pondre aux besoins sp\u00e9cifiques de chaque individu.<br><br>La th\u00e9rapie individuelle est l\u2019un des moyens les plus courants pour traiter les probl\u00e8mes \u00e9motionnels. Elle offre un espace s\u00fbr et confidentiel o\u00f9 vous pouvez explorer vos pens\u00e9es, vos sentiments et vos comportements.<\/p>\n\n\n\n<p class=\"has-text-align-left\">Au cours de la th\u00e9rapie individuelle, nous travaillerons ensemble pour mieux comprendre les causes profondes de vos difficult\u00e9s et trouver des solutions adapt\u00e9es.<br><br>La <strong>th\u00e9rapie conjugale <\/strong>est destin\u00e9e aux couples qui rencontrent des probl\u00e8mes de communication, de confiance ou de conflits r\u00e9currents. Au sein de la th\u00e9rapie conjugale, nous travaillerons en collaboration pour identifier les sch\u00e9mas de comportement n\u00e9gatifs et d\u00e9velopper des comp\u00e9tences de communication saines. L\u2019objectif est de renforcer la relation et de favoriser une meilleure compr\u00e9hension mutuelle.<br><br>La <strong>th\u00e9rapie familiale<\/strong> est une approche qui vise \u00e0 am\u00e9liorer les relations au sein de la famille. Elle est particuli\u00e8rement b\u00e9n\u00e9fique pour les familles qui traversent des p\u00e9riodes de stress, de conflits ou de transitions. En travaillant ensemble, nous chercherons \u00e0 identifier les dynamiques familiales malsaines et \u00e0 les remplacer par des sch\u00e9mas plus fonctionnels. La th\u00e9rapie familiale peut aider \u00e0 renforcer les liens familiaux et \u00e0 favoriser un environnement plus harmonieux.<br><br>Enfin, je propose \u00e9galement des s\u00e9ances de <strong>guidance parentale <\/strong>pour les parents qui souhaitent am\u00e9liorer leurs comp\u00e9tences en \u00e9ducation et en communication avec leurs enfants. La guidance parentale offre un soutien et des conseils pratiques pour faire face aux d\u00e9fis sp\u00e9cifiques de l\u2019\u00e9ducation des enfants. Elle peut aider les parents \u00e0 d\u00e9velopper des strat\u00e9gies efficaces pour g\u00e9rer les comportements difficiles, renforcer le lien parent-enfant et favoriser un environnement familial sain.<br>Que vous soyez un enfant, un adolescent ou un adulte, je suis l\u00e0 pour vous accompagner tout au long de votre parcours th\u00e9rapeutique. Mon objectif est de vous aider \u00e0 trouver un \u00e9quilibre \u00e9motionnel, \u00e0 d\u00e9velopper des comp\u00e9tences de gestion du stress et \u00e0 am\u00e9liorer vos relations avec les autres.<\/p>\n\n\n\n<p class=\"has-text-align-left\">N\u2019h\u00e9sitez pas \u00e0 <a href=\"https:\/\/manonboudin.com\/index.php\/contact\/\" title=\"Contact\">me contacter<\/a> pour prendre rendez-vous et commencer votre cheminement vers le bien-\u00eatre psychologique.<\/p>\n\n\n\n<p><\/p>\n","protected":false},"excerpt":{"rendered":"<p>En tant que psychologue clinicienne et psychoth\u00e9rapeute, j\u2019ai l\u2019opportunit\u00e9 d\u2019aider les enfants, les adolescents et les adultes \u00e0 surmonter leurs difficult\u00e9s \u00e9motionnelles et \u00e0 trouver un \u00e9quilibre dans leur vie. Gr\u00e2ce \u00e0 ma formation en orientation analytique et syst\u00e9mique, je suis en mesure de proposer diff\u00e9rents types de th\u00e9rapies pour r\u00e9pondre aux besoins sp\u00e9cifiques de &hellip; <a href=\"https:\/\/manonboudin.com\/index.php\/service\/\" class=\"more-link\">Continuer la lecture de <span class=\"screen-reader-text\">Service<\/span> <span class=\"meta-nav\">&rarr;<\/span><\/a><\/p>\n","protected":false},"author":2,"featured_media":0,"parent":0,"menu_order":0,"comment_status":"closed","ping_status":"closed","template":"","meta":{"footnotes":""},"class_list":["post-24","page","type-page","status-publish","hentry"],"aioseo_notices":[],"_links":{"self":[{"href":"https:\/\/manonboudin.com\/index.php\/wp-json\/wp\/v2\/pages\/24","targetHints":{"allow":["GET"]}}],"collection":[{"href":"https:\/\/manonboudin.com\/index.php\/wp-json\/wp\/v2\/pages"}],"about":[{"href":"https:\/\/manonboudin.com\/index.php\/wp-json\/wp\/v2\/types\/page"}],"author":[{"embeddable":true,"href":"https:\/\/manonboudin.com\/index.php\/wp-json\/wp\/v2\/users\/2"}],"replies":[{"embeddable":true,"href":"https:\/\/manonboudin.com\/index.php\/wp-json\/wp\/v2\/comments?post=24"}],"version-history":[{"count":3,"href":"https:\/\/manonboudin.com\/index.php\/wp-json\/wp\/v2\/pages\/24\/revisions"}],"predecessor-version":[{"id":104,"href":"https:\/\/manonboudin.com\/index.php\/wp-json\/wp\/v2\/pages\/24\/revisions\/104"}],"wp:attachment":[{"href":"https:\/\/manonboudin.com\/index.php\/wp-json\/wp\/v2\/media?parent=24"}],"curies":[{"name":"wp","href":"https:\/\/api.w.org\/{rel}","templated":true}]}}